{"id":299,"date":"2023-10-24T04:43:35","date_gmt":"2023-10-24T04:43:35","guid":{"rendered":"https:\/\/wordpress.templatetrip.com\/WPTM01\/WPTM004_spicedine\/?page_id=299"},"modified":"2025-02-17T10:49:09","modified_gmt":"2025-02-17T10:49:09","slug":"descubrenos","status":"publish","type":"page","link":"https:\/\/xefnomada.com\/?page_id=299","title":{"rendered":"Desc\u00fabrenos"},"content":{"rendered":"\t\t<div data-elementor-type=\"wp-page\" data-elementor-id=\"299\" class=\"elementor elementor-299\" data-elementor-post-type=\"page\">\n\t\t\t\t\t\t<section class=\"elementor-section elementor-top-section elementor-element elementor-element-29ac5e33 elementor-section-content-middle elementor-section-boxed elementor-section-height-default elementor-section-height-default\" data-id=\"29ac5e33\" data-element_type=\"section\" data-e-type=\"section\">\n\t\t\t\t\t\t<div class=\"elementor-container elementor-column-gap-default\">\n\t\t\t\t\t<div class=\"elementor-column elementor-col-50 elementor-top-column elementor-element elementor-element-1c0cdfa5\" data-id=\"1c0cdfa5\" data-element_type=\"column\" data-e-type=\"column\">\n\t\t\t<div class=\"elementor-widget-wrap elementor-element-populated\">\n\t\t\t\t\t\t<div class=\"elementor-element elementor-element-4ad73272 hover-img elementor-widget elementor-widget-image\" data-id=\"4ad73272\" data-element_type=\"widget\" data-e-type=\"widget\" data-widget_type=\"image.default\">\n\t\t\t\t<div class=\"elementor-widget-container\">\n\t\t\t\t\t\t\t\t\t\t\t\t\t\t\t<img fetchpriority=\"high\" decoding=\"async\" width=\"1152\" height=\"1472\" src=\"https:\/\/xefnomada.com\/wp-content\/uploads\/2025\/02\/Xef-Nomada-Julian-Mascarell.jpg\" class=\"attachment-full size-full wp-image-2865\" alt=\"Xef Nomada Julian Mascarell en la cocina con ollas\" srcset=\"https:\/\/xefnomada.com\/wp-content\/uploads\/2025\/02\/Xef-Nomada-Julian-Mascarell.jpg 1152w, https:\/\/xefnomada.com\/wp-content\/uploads\/2025\/02\/Xef-Nomada-Julian-Mascarell-235x300.jpg 235w, https:\/\/xefnomada.com\/wp-content\/uploads\/2025\/02\/Xef-Nomada-Julian-Mascarell-801x1024.jpg 801w, https:\/\/xefnomada.com\/wp-content\/uploads\/2025\/02\/Xef-Nomada-Julian-Mascarell-768x981.jpg 768w\" sizes=\"(max-width: 1152px) 100vw, 1152px\" \/>\t\t\t\t\t\t\t\t\t\t\t\t\t\t\t<\/div>\n\t\t\t\t<\/div>\n\t\t\t\t\t<\/div>\n\t\t<\/div>\n\t\t\t\t<div class=\"elementor-column elementor-col-50 elementor-top-column elementor-element elementor-element-1646ec90 text-margin\" data-id=\"1646ec90\" data-element_type=\"column\" data-e-type=\"column\">\n\t\t\t<div class=\"elementor-widget-wrap elementor-element-populated\">\n\t\t\t\t\t\t<div class=\"elementor-element elementor-element-6de7dd10 elementor-widget elementor-widget-text-editor\" data-id=\"6de7dd10\" data-element_type=\"widget\" data-e-type=\"widget\" data-widget_type=\"text-editor.default\">\n\t\t\t\t<div class=\"elementor-widget-container\">\n\t\t\t\t\t\t\t\t\t<h1><span style=\"color: #ffffff;\"><strong>Xef N\u00f3mada by Juli\u00e1n Mascarell<\/strong><\/span><\/h1>\t\t\t\t\t\t\t\t<\/div>\n\t\t\t\t<\/div>\n\t\t\t\t<div class=\"elementor-element elementor-element-6cc644dd elementor-widget elementor-widget-heading\" data-id=\"6cc644dd\" data-element_type=\"widget\" data-e-type=\"widget\" data-widget_type=\"heading.default\">\n\t\t\t\t<div class=\"elementor-widget-container\">\n\t\t\t\t\t<h2 class=\"elementor-heading-title elementor-size-default\">mucho m\u00e1s que una propuesta gastron\u00f3mica<\/h2>\t\t\t\t<\/div>\n\t\t\t\t<\/div>\n\t\t\t\t<div class=\"elementor-element elementor-element-1dbf9037 elementor-widget__width-initial elementor-widget elementor-widget-text-editor\" data-id=\"1dbf9037\" data-element_type=\"widget\" data-e-type=\"widget\" data-widget_type=\"text-editor.default\">\n\t\t\t\t<div class=\"elementor-widget-container\">\n\t\t\t\t\t\t\t\t\t<p>es un viaje sensorial que transforma cada comida en una experiencia \u00fanica. La cocina es un lugar para compartir, descubrir y, sobre todo, para ser feliz. Ya sea para quienes disfrutan de lo cl\u00e1sico, buscan sabores nuevos o tienen necesidades espec\u00edficas, cada experiencia est\u00e1 dise\u00f1ada para despertar los sentidos y crear momentos memorables.<\/p><p>El concepto de <strong>\u201cn\u00f3mada\u201d<\/strong> refleja la esencia de este proyecto, inspirado en la trayectoria de Juli\u00e1n Mascarell, un chef que ha recorrido el mundo en busca de sabores aut\u00e9nticos y t\u00e9cnicas que hoy fusiona en su propuesta culinaria. La gastronom\u00eda es un arte en constante movimiento, y cada plato lleva consigo la huella de ese esp\u00edritu viajero, donde la tradici\u00f3n se encuentra con la creatividad en perfecta armon\u00eda.<\/p>\t\t\t\t\t\t\t\t<\/div>\n\t\t\t\t<\/div>\n\t\t\t\t<div class=\"elementor-element elementor-element-e04d6b1 elementor-align-center elementor-widget elementor-widget-button\" data-id=\"e04d6b1\" data-element_type=\"widget\" data-e-type=\"widget\" data-widget_type=\"button.default\">\n\t\t\t\t<div class=\"elementor-widget-container\">\n\t\t\t\t\t\t\t\t\t<div class=\"elementor-button-wrapper\">\n\t\t\t\t\t<a class=\"elementor-button elementor-button-link elementor-size-sm\" href=\"https:\/\/xefnomada.com\/contacto\/#oido\">\n\t\t\t\t\t\t<span class=\"elementor-button-content-wrapper\">\n\t\t\t\t\t\t\t\t\t<span class=\"elementor-button-text\">HABLEMOS<\/span>\n\t\t\t\t\t<\/span>\n\t\t\t\t\t<\/a>\n\t\t\t\t<\/div>\n\t\t\t\t\t\t\t\t<\/div>\n\t\t\t\t<\/div>\n\t\t\t\t\t<\/div>\n\t\t<\/div>\n\t\t\t\t\t<\/div>\n\t\t<\/section>\n\t\t\t\t<section class=\"elementor-section elementor-top-section elementor-element elementor-element-544da6b5 elementor-section-content-middle elementor-section-boxed elementor-section-height-default elementor-section-height-default\" data-id=\"544da6b5\" data-element_type=\"section\" data-e-type=\"section\">\n\t\t\t\t\t\t<div class=\"elementor-container elementor-column-gap-default\">\n\t\t\t\t\t<div class=\"elementor-column elementor-col-50 elementor-top-column elementor-element elementor-element-43f9c158 text-margin order-lg-1 order-2\" data-id=\"43f9c158\" data-element_type=\"column\" data-e-type=\"column\">\n\t\t\t<div class=\"elementor-widget-wrap elementor-element-populated\">\n\t\t\t\t\t\t<div class=\"elementor-element elementor-element-3d82ec2b elementor-widget elementor-widget-text-editor\" data-id=\"3d82ec2b\" data-element_type=\"widget\" data-e-type=\"widget\" data-widget_type=\"text-editor.default\">\n\t\t\t\t<div class=\"elementor-widget-container\">\n\t\t\t\t\t\t\t\t\t<p>Quieres saber m\u00e1s&#8230;<\/p>\t\t\t\t\t\t\t\t<\/div>\n\t\t\t\t<\/div>\n\t\t\t\t<div class=\"elementor-element elementor-element-5d309850 elementor-widget elementor-widget-heading\" data-id=\"5d309850\" data-element_type=\"widget\" data-e-type=\"widget\" data-widget_type=\"heading.default\">\n\t\t\t\t<div class=\"elementor-widget-container\">\n\t\t\t\t\t<h2 class=\"elementor-heading-title elementor-size-default\">te lo contamos todo<\/h2>\t\t\t\t<\/div>\n\t\t\t\t<\/div>\n\t\t\t\t<div class=\"elementor-element elementor-element-4cdff0d3 accordian-tab elementor-widget elementor-widget-Accordion\" data-id=\"4cdff0d3\" data-element_type=\"widget\" data-e-type=\"widget\" data-widget_type=\"Accordion.default\">\n\t\t\t\t<div class=\"elementor-widget-container\">\n\t\t\t\t\t<div class=\"Spicedine-accordion accordian-tab Spicedine-accordion accordion-style-1 align-icon-right\"><div class=\"Spicedine-accordion-item active\"><div class=\"Spicedine-accordion-header\"><h5 class=\"accordion-tilte\"><span>Nuestra Filosof\u00eda<\/span><svg xmlns=\"http:\/\/www.w3.org\/2000\/svg\" width=\"24\" height=\"24\" viewBox=\"0 0 24 24\" fill=\"none\" stroke=\"currentColor\" stroke-width=\"2\" stroke-linecap=\"round\" stroke-linejoin=\"round\" class=\"feather feather-chevron-down\"><polyline points=\"6 9 12 15 18 9\"\/><\/svg><\/h5><\/div><div class=\"Spicedine-accordion-content\" style=\"display: none;\"><p>El respeto por el producto es el punto de partida. La creatividad, el motor que da vida a cada plato. En <strong>Xef N\u00f3mada<\/strong>, se valora la esencia de cada ingrediente, combinando innovaci\u00f3n con el respeto por las ra\u00edces culinarias. Porque cada momento es \u00fanico, y su gastronom\u00eda tambi\u00e9n.<\/p><\/div><\/div><div class=\"Spicedine-accordion-item \"><div class=\"Spicedine-accordion-header\"><h5 class=\"accordion-tilte\"><span>Lo Que Nos Hace \u00danicos<\/span><svg xmlns=\"http:\/\/www.w3.org\/2000\/svg\" width=\"24\" height=\"24\" viewBox=\"0 0 24 24\" fill=\"none\" stroke=\"currentColor\" stroke-width=\"2\" stroke-linecap=\"round\" stroke-linejoin=\"round\" class=\"feather feather-chevron-down\"><polyline points=\"6 9 12 15 18 9\"\/><\/svg><\/h5><\/div><div class=\"Spicedine-accordion-content\" style=\"display: none;\"><ul><li><strong>Variedad de cocinas del mundo<\/strong>, reinterpretadas desde una perspectiva personal y aut\u00e9ntica.<\/li><li><strong>Atenci\u00f3n personalizada<\/strong>, adaptada a cada cliente y contexto.<\/li><li><strong>Flexibilidad y adaptaci\u00f3n<\/strong>, creando experiencias a medida en cualquier entorno.<\/li><li><strong>Conexi\u00f3n global<\/strong>, con la capacidad de comunicar y conectar en varios idiomas, porque la gastronom\u00eda es un lenguaje universal.<\/li><\/ul><\/div><\/div><div class=\"Spicedine-accordion-item \"><div class=\"Spicedine-accordion-header\"><h5 class=\"accordion-tilte\"><span>El Viaje de Juli\u00e1n Mascarell<\/span><svg xmlns=\"http:\/\/www.w3.org\/2000\/svg\" width=\"24\" height=\"24\" viewBox=\"0 0 24 24\" fill=\"none\" stroke=\"currentColor\" stroke-width=\"2\" stroke-linecap=\"round\" stroke-linejoin=\"round\" class=\"feather feather-chevron-down\"><polyline points=\"6 9 12 15 18 9\"\/><\/svg><\/h5><\/div><div class=\"Spicedine-accordion-content\" style=\"display: none;\"><p>Detr\u00e1s de <strong>Xef N\u00f3mada<\/strong> se encuentra Juli\u00e1n Mascarell, un chef cuya trayectoria profesional es un reflejo de su pasi\u00f3n por la exploraci\u00f3n y el aprendizaje continuo. Su recorrido comenz\u00f3 en <strong>CASA GERARDO<\/strong>, un ic\u00f3nico restaurante galardonado con estrella Michelin, donde descubri\u00f3 la disciplina, la excelencia y el respeto por la tradici\u00f3n culinaria.<\/p><p>Movido por la curiosidad y el deseo de ampliar su horizonte gastron\u00f3mico, Juli\u00e1n continu\u00f3 su formaci\u00f3n en cocinas de prestigio internacional. En <strong>\u00c1msterdam<\/strong>, form\u00f3 parte del equipo de <strong>MOMO<\/strong>, un referente de la cocina fusi\u00f3n que le permiti\u00f3 experimentar con ingredientes y t\u00e9cnicas de todo el mundo.<\/p><p>Su esp\u00edritu inquieto lo llev\u00f3 a descubrir las cocinas de <strong>Indonesia, Singapur, Tailandia, Camboya y Vietnam<\/strong>, donde la riqueza de las tradiciones locales y la diversidad de sabores se convirtieron en una fuente inagotable de inspiraci\u00f3n.<\/p><p>De regreso a Europa, continu\u00f3 su trayectoria en <strong>ESTRAG\u00d3N<\/strong> (Ibiza), trabajando junto a <strong>\u00c1lvaro Sanz<\/strong>, cuyo enfoque innovador le permiti\u00f3 profundizar en la alta gastronom\u00eda con estrella Michelin. En <strong>IZAKAYA<\/strong>, del prestigioso <strong>Entourage Group<\/strong>, perfeccion\u00f3 su t\u00e9cnica en la fusi\u00f3n de la cocina japonesa con influencias internacionales.<\/p><p>En Espa\u00f1a, su paso por <strong>ODISEO<\/strong>, bajo la direcci\u00f3n de <strong>Nazario Cano<\/strong> (estrella Michelin), consolid\u00f3 su enfoque creativo y t\u00e9cnico. Finalmente, en <strong>RYOKO<\/strong>, junto a <strong>Adam Boyer<\/strong>, explor\u00f3 nuevas formas de reinterpretar la gastronom\u00eda asi\u00e1tica desde una perspectiva contempor\u00e1nea.<\/p><p>Cada experiencia vivida, cada cultura explorada y cada cocina en la que ha trabajado han contribuido a construir la identidad culinaria de Juli\u00e1n Mascarell: una fusi\u00f3n de tradici\u00f3n e innovaci\u00f3n, con una visi\u00f3n global que se refleja en cada plato.<\/p><\/div><\/div><div class=\"Spicedine-accordion-item \"><div class=\"Spicedine-accordion-header\"><h5 class=\"accordion-tilte\"><span>Un Viaje Que Contin\u00faa<\/span><svg xmlns=\"http:\/\/www.w3.org\/2000\/svg\" width=\"24\" height=\"24\" viewBox=\"0 0 24 24\" fill=\"none\" stroke=\"currentColor\" stroke-width=\"2\" stroke-linecap=\"round\" stroke-linejoin=\"round\" class=\"feather feather-chevron-down\"><polyline points=\"6 9 12 15 18 9\"\/><\/svg><\/h5><\/div><div class=\"Spicedine-accordion-content\" style=\"display: none;\"><p>Hoy, con <strong>Xef N\u00f3mada<\/strong>, ese viaje contin\u00faa en cada mesa, en cada evento, en cada experiencia gastron\u00f3mica. La cocina se convierte en un pasaporte que transporta a trav\u00e9s de sabores, aromas y texturas, invitando a descubrir el mundo desde una perspectiva \u00fanica.<\/p><\/div><\/div><\/div>\t\t\t\t<\/div>\n\t\t\t\t<\/div>\n\t\t\t\t\t<\/div>\n\t\t<\/div>\n\t\t\t\t<div class=\"elementor-column elementor-col-50 elementor-top-column elementor-element elementor-element-6d888f8d order-lg-2 order-1\" data-id=\"6d888f8d\" data-element_type=\"column\" data-e-type=\"column\">\n\t\t\t<div class=\"elementor-widget-wrap elementor-element-populated\">\n\t\t\t\t\t\t<div class=\"elementor-element elementor-element-ebfddcc hover-img elementor-widget elementor-widget-image\" data-id=\"ebfddcc\" data-element_type=\"widget\" data-e-type=\"widget\" data-widget_type=\"image.default\">\n\t\t\t\t<div class=\"elementor-widget-container\">\n\t\t\t\t\t\t\t\t\t\t\t\t\t\t\t<img decoding=\"async\" width=\"1463\" height=\"2048\" src=\"https:\/\/xefnomada.com\/wp-content\/uploads\/2025\/02\/Xef-en-apuros.jpg\" class=\"attachment-full size-full wp-image-2866\" alt=\"Xef Nomada Julian Mascarell en una cocina\" srcset=\"https:\/\/xefnomada.com\/wp-content\/uploads\/2025\/02\/Xef-en-apuros.jpg 1463w, https:\/\/xefnomada.com\/wp-content\/uploads\/2025\/02\/Xef-en-apuros-214x300.jpg 214w, https:\/\/xefnomada.com\/wp-content\/uploads\/2025\/02\/Xef-en-apuros-732x1024.jpg 732w, https:\/\/xefnomada.com\/wp-content\/uploads\/2025\/02\/Xef-en-apuros-768x1075.jpg 768w, https:\/\/xefnomada.com\/wp-content\/uploads\/2025\/02\/Xef-en-apuros-1097x1536.jpg 1097w\" sizes=\"(max-width: 1463px) 100vw, 1463px\" \/>\t\t\t\t\t\t\t\t\t\t\t\t\t\t\t<\/div>\n\t\t\t\t<\/div>\n\t\t\t\t\t<\/div>\n\t\t<\/div>\n\t\t\t\t\t<\/div>\n\t\t<\/section>\n\t\t\t\t<section class=\"elementor-section elementor-top-section elementor-element elementor-element-47398163 title-link elementor-section-boxed elementor-section-height-default elementor-section-height-default\" data-id=\"47398163\" data-element_type=\"section\" data-e-type=\"section\">\n\t\t\t\t\t\t<div class=\"elementor-container elementor-column-gap-default\">\n\t\t\t\t\t<div class=\"elementor-column elementor-col-33 elementor-top-column elementor-element elementor-element-410066e9 text-margin\" data-id=\"410066e9\" data-element_type=\"column\" data-e-type=\"column\">\n\t\t\t<div class=\"elementor-widget-wrap elementor-element-populated\">\n\t\t\t\t\t\t<div class=\"elementor-element elementor-element-411f7c75 elementor-widget elementor-widget-text-editor\" data-id=\"411f7c75\" data-element_type=\"widget\" data-e-type=\"widget\" data-widget_type=\"text-editor.default\">\n\t\t\t\t<div class=\"elementor-widget-container\">\n\t\t\t\t\t\t\t\t\t<p>Tienes m\u00e1s dudas&#8230;<\/p>\t\t\t\t\t\t\t\t<\/div>\n\t\t\t\t<\/div>\n\t\t\t\t<div class=\"elementor-element elementor-element-69b6ccda elementor-widget elementor-widget-heading\" data-id=\"69b6ccda\" data-element_type=\"widget\" data-e-type=\"widget\" data-widget_type=\"heading.default\">\n\t\t\t\t<div class=\"elementor-widget-container\">\n\t\t\t\t\t<h2 class=\"elementor-heading-title elementor-size-default\"><a href=\"https:\/\/xefnomada.com\/faq\">Faq's<\/a><\/h2>\t\t\t\t<\/div>\n\t\t\t\t<\/div>\n\t\t\t\t\t<\/div>\n\t\t<\/div>\n\t\t\t\t<div class=\"elementor-column elementor-col-33 elementor-top-column elementor-element elementor-element-94b86bd text-margin\" data-id=\"94b86bd\" data-element_type=\"column\" data-e-type=\"column\">\n\t\t\t<div class=\"elementor-widget-wrap elementor-element-populated\">\n\t\t\t\t\t\t<div class=\"elementor-element elementor-element-5e8f9dbd elementor-widget elementor-widget-text-editor\" data-id=\"5e8f9dbd\" data-element_type=\"widget\" data-e-type=\"widget\" data-widget_type=\"text-editor.default\">\n\t\t\t\t<div class=\"elementor-widget-container\">\n\t\t\t\t\t\t\t\t\t<p>\u00bf No quieres cocinar ?<\/p>\t\t\t\t\t\t\t\t<\/div>\n\t\t\t\t<\/div>\n\t\t\t\t<div class=\"elementor-element elementor-element-5fb5ded7 elementor-widget elementor-widget-heading\" data-id=\"5fb5ded7\" data-element_type=\"widget\" data-e-type=\"widget\" data-widget_type=\"heading.default\">\n\t\t\t\t<div class=\"elementor-widget-container\">\n\t\t\t\t\t<h2 class=\"elementor-heading-title elementor-size-default\"><a href=\"https:\/\/xefnomada.com\/chef-privado\/\">XEF A DOMICILIO<\/a><\/h2>\t\t\t\t<\/div>\n\t\t\t\t<\/div>\n\t\t\t\t\t<\/div>\n\t\t<\/div>\n\t\t\t\t<div class=\"elementor-column elementor-col-33 elementor-top-column elementor-element elementor-element-65bbadb3 text-margin\" data-id=\"65bbadb3\" data-element_type=\"column\" data-e-type=\"column\">\n\t\t\t<div class=\"elementor-widget-wrap elementor-element-populated\">\n\t\t\t\t\t\t<div class=\"elementor-element elementor-element-6362f92e elementor-widget elementor-widget-text-editor\" data-id=\"6362f92e\" data-element_type=\"widget\" data-e-type=\"widget\" data-widget_type=\"text-editor.default\">\n\t\t\t\t<div class=\"elementor-widget-container\">\n\t\t\t\t\t\t\t\t\t<p>Hablemos<\/p>\t\t\t\t\t\t\t\t<\/div>\n\t\t\t\t<\/div>\n\t\t\t\t<div class=\"elementor-element elementor-element-2a56e419 elementor-widget elementor-widget-heading\" data-id=\"2a56e419\" data-element_type=\"widget\" data-e-type=\"widget\" data-widget_type=\"heading.default\">\n\t\t\t\t<div class=\"elementor-widget-container\">\n\t\t\t\t\t<h2 class=\"elementor-heading-title elementor-size-default\"><a href=\"https:\/\/xefnomada.com\/contacto\/#oido\">\u00bfTE LLAMAMOS?<\/a><\/h2>\t\t\t\t<\/div>\n\t\t\t\t<\/div>\n\t\t\t\t\t<\/div>\n\t\t<\/div>\n\t\t\t\t\t<\/div>\n\t\t<\/section>\n\t\t<div class=\"elementor-element elementor-element-6b4cc84e e-flex e-con-boxed e-con e-parent\" data-id=\"6b4cc84e\" data-element_type=\"container\" data-e-type=\"container\">\n\t\t\t\t\t<div class=\"e-con-inner\">\n\t\t\t\t<div class=\"elementor-element elementor-element-2d369bfb elementor-hidden-desktop elementor-hidden-laptop elementor-hidden-tablet_extra elementor-hidden-tablet elementor-hidden-mobile_extra elementor-hidden-mobile elementor-widget elementor-widget-image\" data-id=\"2d369bfb\" data-element_type=\"widget\" data-e-type=\"widget\" data-widget_type=\"image.default\">\n\t\t\t\t<div class=\"elementor-widget-container\">\n\t\t\t\t\t\t\t\t\t\t\t\t\t\t\t<img decoding=\"async\" width=\"300\" height=\"201\" src=\"https:\/\/xefnomada.com\/wp-content\/uploads\/2024\/11\/XefNomada_Logo_Fondo-negro-300x201.png\" class=\"attachment-medium size-medium wp-image-2588\" alt=\"Xef Nomada Julian Mascarell logo en blanco\" srcset=\"https:\/\/xefnomada.com\/wp-content\/uploads\/2024\/11\/XefNomada_Logo_Fondo-negro-300x201.png 300w, https:\/\/xefnomada.com\/wp-content\/uploads\/2024\/11\/XefNomada_Logo_Fondo-negro-1024x686.png 1024w, https:\/\/xefnomada.com\/wp-content\/uploads\/2024\/11\/XefNomada_Logo_Fondo-negro-768x515.png 768w, https:\/\/xefnomada.com\/wp-content\/uploads\/2024\/11\/XefNomada_Logo_Fondo-negro.png 1215w\" sizes=\"(max-width: 300px) 100vw, 300px\" \/>\t\t\t\t\t\t\t\t\t\t\t\t\t\t\t<\/div>\n\t\t\t\t<\/div>\n\t\t\t\t<div class=\"elementor-element elementor-element-9ecdb03 elementor-widget elementor-widget-heading\" data-id=\"9ecdb03\" data-element_type=\"widget\" data-e-type=\"widget\" data-widget_type=\"heading.default\">\n\t\t\t\t<div class=\"elementor-widget-container\">\n\t\t\t\t\t<h2 class=\"elementor-heading-title elementor-size-default\">D\u00e9jate llevar<\/h2>\t\t\t\t<\/div>\n\t\t\t\t<\/div>\n\t\t\t\t\t<\/div>\n\t\t\t\t<\/div>\n\t\t\t\t<\/div>\n\t\t","protected":false},"excerpt":{"rendered":"<p>Xef N\u00f3mada by Juli\u00e1n Mascarell mucho m\u00e1s que una propuesta gastron\u00f3mica es un viaje sensorial que transforma cada comida en [&hellip;]<\/p>\n","protected":false},"author":1,"featured_media":0,"parent":0,"menu_order":0,"comment_status":"closed","ping_status":"closed","template":"","meta":{"footnotes":""},"class_list":["post-299","page","type-page","status-publish","hentry"],"yoast_head":"<!-- This site is optimized with the Yoast SEO plugin v27.3 - https:\/\/yoast.com\/product\/yoast-seo-wordpress\/ -->\n<title>Desc\u00fabrenos - Xef Nomada<\/title>\n<meta name=\"robots\" content=\"index, follow, max-snippet:-1, max-image-preview:large, max-video-preview:-1\" \/>\n<link rel=\"canonical\" href=\"https:\/\/xefnomada.com\/?page_id=299\" \/>\n<meta property=\"og:locale\" content=\"es_ES\" \/>\n<meta property=\"og:type\" content=\"article\" \/>\n<meta property=\"og:title\" content=\"Desc\u00fabrenos - Xef Nomada\" \/>\n<meta property=\"og:description\" content=\"Xef N\u00f3mada by Juli\u00e1n Mascarell mucho m\u00e1s que una propuesta gastron\u00f3mica es un viaje sensorial que transforma cada comida en [&hellip;]\" \/>\n<meta property=\"og:url\" content=\"https:\/\/xefnomada.com\/?page_id=299\" \/>\n<meta property=\"og:site_name\" content=\"Xef Nomada\" \/>\n<meta property=\"article:modified_time\" content=\"2025-02-17T10:49:09+00:00\" \/>\n<meta property=\"og:image\" content=\"https:\/\/xefnomada.com\/wp-content\/uploads\/2025\/02\/Xef-Nomada-Julian-Mascarell.jpg\" \/>\n<meta name=\"twitter:card\" content=\"summary_large_image\" \/>\n<meta name=\"twitter:label1\" content=\"Tiempo de lectura\" \/>\n\t<meta name=\"twitter:data1\" content=\"3 minutos\" \/>\n<script type=\"application\/ld+json\" class=\"yoast-schema-graph\">{\"@context\":\"https:\\\/\\\/schema.org\",\"@graph\":[{\"@type\":\"WebPage\",\"@id\":\"https:\\\/\\\/xefnomada.com\\\/?page_id=299\",\"url\":\"https:\\\/\\\/xefnomada.com\\\/?page_id=299\",\"name\":\"Desc\u00fabrenos - Xef Nomada\",\"isPartOf\":{\"@id\":\"https:\\\/\\\/xefnomada.com\\\/#website\"},\"primaryImageOfPage\":{\"@id\":\"https:\\\/\\\/xefnomada.com\\\/?page_id=299#primaryimage\"},\"image\":{\"@id\":\"https:\\\/\\\/xefnomada.com\\\/?page_id=299#primaryimage\"},\"thumbnailUrl\":\"https:\\\/\\\/xefnomada.com\\\/wp-content\\\/uploads\\\/2025\\\/02\\\/Xef-Nomada-Julian-Mascarell.jpg\",\"datePublished\":\"2023-10-24T04:43:35+00:00\",\"dateModified\":\"2025-02-17T10:49:09+00:00\",\"breadcrumb\":{\"@id\":\"https:\\\/\\\/xefnomada.com\\\/?page_id=299#breadcrumb\"},\"inLanguage\":\"es\",\"potentialAction\":[{\"@type\":\"ReadAction\",\"target\":[\"https:\\\/\\\/xefnomada.com\\\/?page_id=299\"]}]},{\"@type\":\"ImageObject\",\"inLanguage\":\"es\",\"@id\":\"https:\\\/\\\/xefnomada.com\\\/?page_id=299#primaryimage\",\"url\":\"https:\\\/\\\/xefnomada.com\\\/wp-content\\\/uploads\\\/2025\\\/02\\\/Xef-Nomada-Julian-Mascarell.jpg\",\"contentUrl\":\"https:\\\/\\\/xefnomada.com\\\/wp-content\\\/uploads\\\/2025\\\/02\\\/Xef-Nomada-Julian-Mascarell.jpg\",\"width\":1152,\"height\":1472,\"caption\":\"Xef Nomada Julian Mascarell en la cocina con ollas\"},{\"@type\":\"BreadcrumbList\",\"@id\":\"https:\\\/\\\/xefnomada.com\\\/?page_id=299#breadcrumb\",\"itemListElement\":[{\"@type\":\"ListItem\",\"position\":1,\"name\":\"Portada\",\"item\":\"https:\\\/\\\/xefnomada.com\\\/\"},{\"@type\":\"ListItem\",\"position\":2,\"name\":\"Desc\u00fabrenos\"}]},{\"@type\":\"WebSite\",\"@id\":\"https:\\\/\\\/xefnomada.com\\\/#website\",\"url\":\"https:\\\/\\\/xefnomada.com\\\/\",\"name\":\"Xef Nomada\",\"description\":\"by Juli\u00e1n Mascarell\",\"potentialAction\":[{\"@type\":\"SearchAction\",\"target\":{\"@type\":\"EntryPoint\",\"urlTemplate\":\"https:\\\/\\\/xefnomada.com\\\/?s={search_term_string}\"},\"query-input\":{\"@type\":\"PropertyValueSpecification\",\"valueRequired\":true,\"valueName\":\"search_term_string\"}}],\"inLanguage\":\"es\"}]}<\/script>\n<!-- \/ Yoast SEO plugin. -->","yoast_head_json":{"title":"Desc\u00fabrenos - Xef Nomada","robots":{"index":"index","follow":"follow","max-snippet":"max-snippet:-1","max-image-preview":"max-image-preview:large","max-video-preview":"max-video-preview:-1"},"canonical":"https:\/\/xefnomada.com\/?page_id=299","og_locale":"es_ES","og_type":"article","og_title":"Desc\u00fabrenos - Xef Nomada","og_description":"Xef N\u00f3mada by Juli\u00e1n Mascarell mucho m\u00e1s que una propuesta gastron\u00f3mica es un viaje sensorial que transforma cada comida en [&hellip;]","og_url":"https:\/\/xefnomada.com\/?page_id=299","og_site_name":"Xef Nomada","article_modified_time":"2025-02-17T10:49:09+00:00","og_image":[{"url":"https:\/\/xefnomada.com\/wp-content\/uploads\/2025\/02\/Xef-Nomada-Julian-Mascarell.jpg","type":"","width":"","height":""}],"twitter_card":"summary_large_image","twitter_misc":{"Tiempo de lectura":"3 minutos"},"schema":{"@context":"https:\/\/schema.org","@graph":[{"@type":"WebPage","@id":"https:\/\/xefnomada.com\/?page_id=299","url":"https:\/\/xefnomada.com\/?page_id=299","name":"Desc\u00fabrenos - Xef Nomada","isPartOf":{"@id":"https:\/\/xefnomada.com\/#website"},"primaryImageOfPage":{"@id":"https:\/\/xefnomada.com\/?page_id=299#primaryimage"},"image":{"@id":"https:\/\/xefnomada.com\/?page_id=299#primaryimage"},"thumbnailUrl":"https:\/\/xefnomada.com\/wp-content\/uploads\/2025\/02\/Xef-Nomada-Julian-Mascarell.jpg","datePublished":"2023-10-24T04:43:35+00:00","dateModified":"2025-02-17T10:49:09+00:00","breadcrumb":{"@id":"https:\/\/xefnomada.com\/?page_id=299#breadcrumb"},"inLanguage":"es","potentialAction":[{"@type":"ReadAction","target":["https:\/\/xefnomada.com\/?page_id=299"]}]},{"@type":"ImageObject","inLanguage":"es","@id":"https:\/\/xefnomada.com\/?page_id=299#primaryimage","url":"https:\/\/xefnomada.com\/wp-content\/uploads\/2025\/02\/Xef-Nomada-Julian-Mascarell.jpg","contentUrl":"https:\/\/xefnomada.com\/wp-content\/uploads\/2025\/02\/Xef-Nomada-Julian-Mascarell.jpg","width":1152,"height":1472,"caption":"Xef Nomada Julian Mascarell en la cocina con ollas"},{"@type":"BreadcrumbList","@id":"https:\/\/xefnomada.com\/?page_id=299#breadcrumb","itemListElement":[{"@type":"ListItem","position":1,"name":"Portada","item":"https:\/\/xefnomada.com\/"},{"@type":"ListItem","position":2,"name":"Desc\u00fabrenos"}]},{"@type":"WebSite","@id":"https:\/\/xefnomada.com\/#website","url":"https:\/\/xefnomada.com\/","name":"Xef Nomada","description":"by Juli\u00e1n Mascarell","potentialAction":[{"@type":"SearchAction","target":{"@type":"EntryPoint","urlTemplate":"https:\/\/xefnomada.com\/?s={search_term_string}"},"query-input":{"@type":"PropertyValueSpecification","valueRequired":true,"valueName":"search_term_string"}}],"inLanguage":"es"}]}},"_links":{"self":[{"href":"https:\/\/xefnomada.com\/index.php?rest_route=\/wp\/v2\/pages\/299","targetHints":{"allow":["GET"]}}],"collection":[{"href":"https:\/\/xefnomada.com\/index.php?rest_route=\/wp\/v2\/pages"}],"about":[{"href":"https:\/\/xefnomada.com\/index.php?rest_route=\/wp\/v2\/types\/page"}],"author":[{"embeddable":true,"href":"https:\/\/xefnomada.com\/index.php?rest_route=\/wp\/v2\/users\/1"}],"replies":[{"embeddable":true,"href":"https:\/\/xefnomada.com\/index.php?rest_route=%2Fwp%2Fv2%2Fcomments&post=299"}],"version-history":[{"count":31,"href":"https:\/\/xefnomada.com\/index.php?rest_route=\/wp\/v2\/pages\/299\/revisions"}],"predecessor-version":[{"id":3486,"href":"https:\/\/xefnomada.com\/index.php?rest_route=\/wp\/v2\/pages\/299\/revisions\/3486"}],"wp:attachment":[{"href":"https:\/\/xefnomada.com\/index.php?rest_route=%2Fwp%2Fv2%2Fmedia&parent=299"}],"curies":[{"name":"wp","href":"https:\/\/api.w.org\/{rel}","templated":true}]}}